 the remainder when k is divided by ((-4)/10)/((-2)/60).
11
Suppose -29 = -3*g + 112. Let j(d) = -3*d + 1. Calculate the remainder when g is divided by j(-5).
15
Let z = 6 + 42. What is the remainder when z is divided by 17?
14
Let x be (-2 + (-24)/(-9))*36. Let f = x + 3. Calculate the remainder when 78 is divided by f.
24
What is the remainder when 55 is divided by 2 + 2*(-2 - -7)?
7
Let h be ((-10)/3 - -3)*-48. Suppose 0*j = -j + h. What is the remainder when j is divided by 5?
1
Let q be (-4)/(-4) + (1 - 0). Suppose 3*l + 2*g = 27, -34 = q*l - 4*l + 4*g. Calculate the remainder when l is divided by 7.
4
Let l(t) = 3*t. Let d be l(4). Suppose -3*w + 24 = -d. Calculate the remainder when w is divided by 5.
2
Let w = -39 - -106. What is the remainder when w is divided by 12?
7
Let l = 210 + -99. Suppose 3*t - l = -4*r - 0*r, t - 117 = -4*r. What is the remainder when r is divided by 16?
14
Suppose 4*n = 2*n + 10, -5*c + 55 = 3*n. What is the remainder when c is divided by -2 + 1/(2/16)?
2
Suppose -3*z = -60 - 51. What is the remainder when z is divided by ((2 - 1) + 25)/2?
11
Suppose 2*g + k - 26 - 11 = 0, 0 = -3*g + 2*k + 52. Calculate the remainder when 303 is divided by g.
15
Let l = -91 - -160. What is the remainder when l is divided by 36?
33
Let k(v) = 3*v - 1. Let z be k(3). Let h = 5 + z. Suppose -a + 100 = 3*a. What is the remainder when a is divided by h?
12
Let s(p) = -p + 7. Let g(n) = n**2 + n + 12. Let h be g(0). Suppose 0 = -2*o + 2 - h. Calculate the remainder when 35 is divided by s(o).
11
Suppose 10 = 4*t + t. Let d(r) = 2*r**2 - 4*r. Let x be d(3). Calculate the remainder when -4*(-1 + 3/x) is divided by t.
0
Let l be -10 + 11 - 11/(-1). Suppose -s + l + 4 = 0. Calculate the remainder when 61 is divided by s.
13
Let n(x) = x**2 - 4*x + 5. Let p(a) = -3*a**2 + 12*a - 15. Let w(o) = -17*n(o) - 6*p(o). What is the remainder when w(9) is divided by 17?
16
Let r(m) = -m**3 + 11*m**2 + 13*m - 4. Suppose 8*x - 5*x - 36 = 0. Let t(a) = 2*a**2 + 2*a + 3. What is the remainder when t(-3) is divided by r(x)?
7
Suppose 4*t - 2*t = 4. What is the remainder when 6 is divided by t?
0
Let z(x) be the third derivative of 0 + 0*x + x**2 + 1/24*x**4 + 19/6*x**3. What is the remainder when 56 is divided by z(0)?
18
Suppose -4*l + 188 = -0*l. Calculate the remainder when l is divided by 10.
7
Suppose 3*j + 4*s = 190, 5*j + s - 185 = 143. What is the remainder when j is divided by 7?
3
Let g = 101 - -12. Calculate the remainder when g is divided by 23.
21
Suppose -10*x - 15 = -11*x. Suppose 2*i = -2*o - 32, -2*i - 34 + 122 = -4*o. Let n = o + 64. What is the remainder when n is divided by x?
14
Suppose 3*j = 9, -4*h - j = -h - 135. What is the remainder when h is divided by 12?
8
Suppose -762 = -3*s - a, -s + 196 = 4*a - 69. Suppose 4*c + 37 = s. Calculate the remainder when c is divided by 28.
26
Suppose -5 = u - 10. Suppose -5*i + 5*m = 15, -m + 3*m - 3 = u*i. What is the remainder when 2 is divided by i?
0
Let l(q) = -2*q + 2. Let s = 0 + 3. Calculate the remainder when (21 - 0) + (5 - s) is divided by l(-5).
11
Suppose 2*m - 6*m + 20 = 0. Calculate the remainder when 19 is divided by m.
4
Let x(p) = -p + 6. Let r be x(0). What is the remainder when (4/r)/((-2)/(-93)) is divided by 11?
9
Let r(u) = u**2 + 7*u - 3. Suppose 20 = -5*j, -74 + 21 = -3*n - j. Calculate the remainder when n is divided by r(-8).
4
Suppose -5*c = m - 190, 3*c - 2*c + 3*m = 38. What is the remainder when 74 is divided by c?
36
Let g be 2*87/6*1. Suppose o = 13 + g. Suppose -z = -2*y - 2*y, 4*z - o = -5*y. What is the remainder when 13 is divided by z?
5
Let n = -9 - -11. Calculate the remainder when (-1 - -22) + (-2)/n is divided by 7.
6
Let q(g) = -g**2 - 5*g + 5. Let d be q(-6). Let m = 7 + d. What is the remainder when 18 is divided by 2*m - 10/5?
8
Suppose u = -4*u. Suppose u = -10*n + 5*n - 810. Calculate the remainder when 23 is divided by n/(-21) - (-2)/7.
7
Let c(b) = -b**2 + 8*b - 1. Let w be -9*((-132)/(-9))/4. Let t = w - -53. Calculate the remainder when t is divided by c(6).
9
Suppose 0 = 4*s - 3*f + 5, -3*f - 2*f = -5*s - 5. Let u(j) = -j**2 - 5*j - 1. What is the remainder when 8 is divided by u(s)?
3
Suppose -m - 253 = -4*m + 4*f, 2*m = 3*f + 168. Calculate the remainder when m is divided by 11.
10
Let r = 117 + -48. Calculate the remainder when r is divided by 14.
13
What is the remainder when -2 + 1 + (0 - -16) is divided by 4?
3
Suppose 4*j = 6*j - 8. What is the remainder when 1 - 7/((-7)/10) is divided by j?
3
Let q(o) = 9*o + 11. What is the remainder when q(5) is divided by 12?
8
Suppose 4*r + 4*d - 10 = 42, r - 15 = -2*d. Calculate the remainder when r is divided by 2.
1
Suppose 5 - 9 = -c. Calculate the remainder when 9 is divided by c.
1
What is the remainder when 28 is divided by (-40)/(-24)*(8*1 + -2)?
8
Let l be ((-4)/8)/(1/38). Let c = l - -59. What is the remainder when c is divided by 14?
12
Let t(y) = -y**3 + 13*y**2 + 2*y - 18. Calculate the remainder when 45 is divided by t(13).
5
Let g(s) = s**3 + 7*s**2 + s - 3. Let o be g(-5). Suppose 57 = 3*i + 2*c + 10, -3*c = 3*i - o. Calculate the remainder when i is divided by 10.
9
Suppose -53 = -5*x + 2*x + i, 3*x = 5*i + 61. Let l = 21 - 14. What is the remainder when x is divided by l - 1 - (-2 + 2)?
5
Suppose 5*x = 4 + 31. Let v be (-11)/((-2)/(-4) - 0). Let j = v + 41. What is the remainder when j is divided by x?
5
Let f = 8 - 6. Let b = 3 - 3. Let g = 2 + b. Calculate the remainder when f is divided by g.
0
Let a = 22 - 42. Calculate the remainder when (-12)/a + 124/10 is divided by 5.
3
Let n(g) = -5*g + 8 + g - g**3 + 2*g + 3*g + 11*g**2. Suppose 0*y = -y + 5. Calculate the remainder when n(11) is divided by y.
4
What is the remainder when (-1344)/(-63)*18/8 is divided by 28?
20
Suppose 2*r = 41 + 45. Let v(t) = t**3 + 2*t**2 - 3*t + 1. What is the remainder when r is divided by v(2)?
10
Let r(m) = -4*m + 2*m**2 + 3*m - 4*m + 0*m**2. Suppose -4*w = -4, -z = -2*w + 5*w - 16. Calculate the remainder when r(5) is divided by z.
12
Let p = 6 + -6. Suppose 0 = -p*n - n + t - 3, -5*t = 15. Let x(j) = -j**3 - 4*j**2 + 3*j - 1. What is the remainder when x(n) is divided by 18?
17
Let y = -7 + 10. Suppose -2*b - y*b = 0. Suppose -4*g + 43 = 3*r + 2, b = 4*g - 2*r - 66. Calculate the remainder when g is divided by 5.
4
Let k(g) = 2*g**2 + g + 4. Let f be k(-3). Suppose -f = -3*h + 20. Let j = 25 - h. Calculate the remainder when 45 is divided by j.
9
Let r = 44 - -11. What is the remainder when r is divided by 14?
13
Let a(t) = 3*t**2 - 5*t - 4. Suppose -10 = 3*x - 5*x. Suppose -3*f + x*h = -14, f - 13 - 15 = -3*h. What is the remainder when a(-3) is divided by f?
12
Suppose -42 = w - 3*w. Calculate the remainder when 83 is divided by w.
20
Let s = 15 - 1. Calculate the remainder when 55 is divided by s.
13
Suppose -75 = -4*z + 33. What is the remainder when z is divided by 38/4 - (-2)/4?
7
Suppose 4 = f - 3. What is the remainder when f is divided by 2?
1
Suppose 5*j + 11*j - 80 = 0. Calculate the remainder when (-1)/(5/(-12))*5 is divided by j.
2
Let a = -27 - -37. Calculate the remainder when a is divided by 7.
3
Let y = 3 + 2. Suppose 0 = -y*s - 3 + 113. Let m(i) = -i**2 - 5*i + 2. Calculate the remainder when s is divided by m(-3).
6
Suppose -4*t = -0*t - 2*s - 104, -6 = 3*s. What is the remainder when 99 is divided by t?
24
Let i = 136 - 108. Calculate the remainder when 63 is divided by i.
7
Let f = 64 + -57. What is the remainder when 32 is divided by f?
4
Let r(h) = -h**3 + 5*h**2 + 2*h - 7. Let w = 17 - 12. Let g be r(w). Suppose -2 = -g*j + j. Calculate the remainder when 1 is divided by j.
0
Suppose 163 = 2*k - 181. Suppose 2*x = -5*d + k, 2*d - 56 = -0*d - 4*x. What is the remainder when d is divided by 13?
10
Suppose -2*q + 20 = -q. Calculate the remainder when q is divided by 11.
9
Suppose -o + 2*s + 23 = 5*s, -3*o - 4*s = -49. Calculate the remainder when 74 is divided by o.
8
Let o(i) = 2*i**3 + 4*i**2 + 4*i + 2. Let g be o(-2). What is the remainder when 535/15 - (-4)/g is divided by 18?
17
Suppose 5*g = 9*g - 476. Calculate the remainder when g is divided by 40.
39
Suppose d - 6 = 25. What is the remainder when d is divided by 17?
14
Let c = 25 + -14. What is the remaind